reds digit of d?
8
Suppose -y + 1442 = 4*o + 480, 0 = y + 2. What is the units digit of o?
1
Let y be (-1 - (-4 + 3)) + 2. Suppose 4*v - 198 = -2*f - y, -5*v + 242 = f. What is the tens digit of v?
4
Let v(b) = 7*b + 4. Suppose 0 = -4*j - 15 + 31. What is the tens digit of v(j)?
3
Let w = 47 + 322. What is the units digit of w?
9
Let v = 695 - -557. What is the units digit of v?
2
What is the tens digit of 15424/11 - (-2)/(-11)?
0
What is the units digit of 15340/50*(-20)/(-8)?
7
Let n(t) be the third derivative of -t**5/60 - t**4/24 + 7*t**3/3 + 5*t**2. Let w be n(0). Let k = 11 + w. What is the units digit of k?
5
Let f(w) = 3*w**3 - 8*w**2 - 3*w + 1. What is the tens digit of f(7)?
1
Suppose 2*o - 5*o + 4080 = 0. What is the hundreds digit of o?
3
Let o be (2 - -206)*(3 + -1). Suppose -5*p - 1836 = -o. What is the units digit of (-3)/(-18) + p/(-24)?
2
Let u(h) = -h**3 - 4*h**2 - 4*h + 3. Suppose -3 - 3 = -2*q. Suppose 0 = p + q + 1. What is the units digit of u(p)?
9
Suppose -5*o - 4 = 21. Let y(k) = -2*k + 5*k**2 + 0*k + 3 - k + k**3 - 5. What is the units digit of y(o)?
3
Suppose 11*f + 18 = 62. Suppose -2*y - f*g = -14, -3*g - 5 = -y - 6*g. What is the units digit of y?
1
Let u(m) = -m**2 + 10*m - 1. Let t be u(11). Let r = 5 - t. What is the units digit of r?
7
Suppose 0 = 6*v + 276 - 4248. What is the units digit of v?
2
Let i = -65 + 68. Suppose -2*r + 4*s + 49 = -15, i*s - 9 = 0. What is the tens digit of r?
3
Suppose -5*z = -2*d + 176 + 640, -5*z = d + 822. What is the tens digit of z/(-8)*(0 + 2)?
4
Let k be (0 - 265)*(4/5 + -2). Let i = k + -179. What is the hundreds digit of i?
1
Let l(s) = -16*s + 536. What is the tens digit of l(-16)?
9
Let p = 761 - 438. Let r = p + -87. What is the hundreds digit of r?
2
Let y(t) = 131*t**2 + 549*t + 8. What is the units digit of y(-7)?
4
Let x(p) = -p**3 + 9*p**2 + 3*p - 12. Let k be x(9). Let c = -3 + -1. Let z = c + k. What is the tens digit of z?
1
Let x(i) be the third derivative of -i**5/60 - i**4/24 + 22*i**3/3 + 2*i**2. What is the tens digit of x(0)?
4
Let t(p) = -2*p**3 - 7*p**2 + 7*p - 8. Let u(i) = -6*i**3 - 20*i**2 + 20*i - 23. Let q(h) = 17*t(h) - 6*u(h). What is the tens digit of q(2)?
2
Let l = 6 - -1. Suppose 10*x = -l*x + 3230. What is the units digit of x?
0
What is the tens digit of (28/10)/((-34)/(-7310))?
0
Let c(w) = -w**3 - 2*w**2 - 3*w - 2. Let k be c(-2). Suppose -r - 18 = -k*r. Suppose 3*n - r = 60. What is the tens digit of n?
2
Let f(l) = -3*l - 11. Let a be f(-7). Suppose 25 = b + a. Suppose 0 = 17*j - b*j - 82. What is the tens digit of j?
4
Let r(x) = x + 5. Let y be r(0). Let q = 5 + -1. Suppose q*a + 36 = 4*t, 14 + 3 = -2*t - y*a. What is the units digit of t?
4
Let o(q) = -455*q + 20. What is the units digit of o(-5)?
5
Let k be (3 + (-85)/(-15))*108/2. Suppose 0 = 8*a - k + 196. What is the tens digit of a?
3
Let l(o) = -o**3 - 3*o**2 - 3*o - 2. Suppose 15 = -0*d - 5*d. What is the units digit of l(d)?
7
Let t = 65 + -9. What is the tens digit of t?
5
Let y(j) = 5*j + 19. Let p(t) = 21*t + 77. Let c = 4 + -13. Let v(h) = c*y(h) + 2*p(h). What is the units digit of v(-6)?
1
Let j = 592 + -205. Suppose -5*v - 5*c + 650 = -0*c, -3*v = 4*c - j. What is the units digit of v?
3
Let v = -175 + 325. What is the units digit of (-1)/(-5) - (-31470)/v?
0
Suppose 0 = d + 7 + 4. Let m(j) = -j**3 - 11*j**2 - j + 6. Let u be m(d). Let b = u + 8. What is the units digit of b?
5
Suppose -c - 8615 = -5*c + 3*g, 5*c + 3*g - 10789 = 0. What is the units digit of c?
6
Let f be 34/85 + (-93)/(-5). Suppose -f = -2*c + 3*v, 3*c - 2*v = -4*v - 4. Suppose 0 = -c*p - 0*t - t + 135, 2*p - 105 = 5*t. What is the tens digit of p?
6
Let p = -1 - -2. Let r be (-1 + (-3 - 1))*p. What is the units digit of (-1)/r + (-790)/(-50)?
6
Let z(y) = 389*y**3 - y**2 - 3*y + 11. What is the units digit of z(2)?
3
Suppose 29*r - 807 = 17579. What is the hundreds digit of r?
6
Let v = 313 + -262. What is the units digit of v?
1
Let w(g) = 25*g - 11. Let r be w(3). Suppose 24 = 3*v + 3*a, -2*v = 2*a + a - 21. Suppose -v*y - r = -5*y. What is the units digit of y?
2
Suppose 4*z + 22 = -5*i, 6*i = -3*z + 3*i - 15. What is the units digit of 1 + z + 243 - (1 - 3)?
3
Suppose 797 = 6*o - 1951. What is the units digit of o?
8
Let b be (10/6 - 1) + (-50)/(-6). Suppose 0 = -g + 14*z - 11*z + 254, 3*z = -b. What is the units digit of g?
5
Let s = 830 - -178. Suppose 9*k = 747 + s. What is the tens digit of k?
9
Suppose f - 2*i - 169 = 0, 670 = 4*f - 6*i + 4*i. Let o = -96 + f. What is the tens digit of o?
7
Suppose n - 5*n + 24 = 0. Suppose 472 = -2*c + n*c + 4*s, s = 1. What is the units digit of c?
7
What is the hundreds digit of (4 + 3463)/(4 - 3)?
4
Let o = 6 + 2. Suppose o*s = 4*s + 20. What is the units digit of 2/3 - s/(-15)?
1
Let y(t) = -5*t + 2. Suppose -8*v + 4*v - 36 = 0. What is the units digit of y(v)?
7
Let y(w) = 13*w - 30. Let n(i) = -20*i + 45. Let j(k) = 5*n(k) + 8*y(k). Let p be j(10). Suppose -d + p = 7. What is the units digit of d?
8
Suppose -201 = -4*z + 63. What is the tens digit of (-2)/11 - (-3840)/z?
5
Suppose -32*p + 30*p = -2, -4*p = 3*r - 4486. What is the tens digit of r?
9
Suppose r + 260 = 6*r. Suppose -2*v = 2*j + v - 101, j - r = -2*v. What is the tens digit of ((-3)/(6/j))/(-1)?
2
Let m be 10/(-5)*17/2. Let s = m + 31. What is the tens digit of s?
1
Let r(n) = -n - 12. Let j be r(-11). Let w be 8/(j*(-1 - -2)). What is the tens digit of (-4)/w - 59/(-2)?
3
Let s = 63 + 89. Suppose -3*p + s = 2*j - 58, 3*j + 9 = 0. What is the units digit of p?
2
Let p(v) = 2*v**2 - 4*v - 3. Suppose -18 = -4*c - h, -2*c - 2*h = -0*c - 12. Let a be p(c). Suppose 103 = 4*f - a. What is the units digit of f?
9
Let c(o) = o - 4*o**3 + 2*o**3 + 1 + 3*o**3 - 3*o**2. Let j be c(3). Suppose -20 = j*n, -2*f = -5*n - 74 - 13. What is the units digit of f?
1
Let z be 168/63 + (-1)/(6/(-2)). Suppose w - b - 17 = -2, w - 13 = z*b. What is the tens digit of w?
1
Let s be (-2)/8 + 395/(-20). Let l be (3/(-6))/((-2)/s). Let c(q) = -4*q - 6. What is the units digit of c(l)?
4
Let b(q) = -3*q**3 - 25*q**2 - 37*q + 32. Let i(f) = 4*f**3 + 38*f**2 + 56*f - 48. Let o = 2 - -5. Let s(w) = o*b(w) + 5*i(w). What is the units digit of s(16)?
4
What is the units digit of (-62)/(-9)*(-45)/30*-117?
9
Let s be (-5 - -2 - -129 - 2) + 3. Let c = s - 3. What is the units digit of c?
4
Suppose 1020 = -0*t + 5*t. Let v = 296 - t. What is the tens digit of v?
9
Suppose -35*s = -37*s - 92. Let c = 189 + s. What is the tens digit of c?
4
Let k(a) = a + 2. Let z be k(-5). What is the units digit of 36 - (0 - (-4 - z))?
5
Let q = -115 + 131. Suppose -3*u - u + q = 0. What is the units digit of u?
4
Let c(h) = -53*h**2 - 21*h - 40. Let g(y) = -18*y**2 - 7*y - 14. Let s(b) = -4*c(b) + 11*g(b). What is the tens digit of s(4)?
5
Let b(z) = 18*z**2 + 3*z - 4. What is the hundreds digit of b(3)?
1
Let p = 11 - 7. Suppose -4*z + p = 0, 0 = -0*q - q - z + 12. Let r = q - -5. What is the units digit of r?
6
Let r = -21 - -30. Suppose 0*w = 2*z + 2*w - 6, 5*z + 4*w = 19. Suppose -z*f = -r*f + 2. What is the units digit of f?
1
Let x(r) = r**3 - 9*r**2 + 2*r + 12. Let p(c) be the second derivative of c**3/6 + c**2/2 + 2*c. Let v be p(8). What is the units digit of x(v)?
0
Let l = -316 - -532. What is the units digit of l?
6
Let y be 829*-1*(-6 - -5). Let m = y - 513. What is the tens digit of m?
1
Let u be -2 + -7 + 4 - -21. What is the tens digit of (-891)/(-54)*u/3?
8
Let l = -33 + 46. Suppose -5 = 4*k - l. Suppose 2*o - 49 = -5*m, o - k*m + 101 = 4*o. What is the tens digit of o?
3
What is the hundreds digit of (-12)/(-102) - 12629/(-17)?
7
Suppose 0 = -a - 2*u + 1, 0*a = -4*a - 4*u + 4. Let o = a - -1. Let g = o + 15. What is the tens digit of g?
1
Suppose -2*m + 5*p - 139 = 0, -3*m + 0*p - 177 = 3*p. Let h = m - -101. What is the units digit of h?
9
Let n(l) = -l**3 + l**2 - 3*l + 3828. What is the units digit of n(0)?
8
Let l(u) be the third derivative of -13*u**6/60 - u**5/60 + u**4/24 + u**3/6 - u**2. Let r = -977 - -976. What is the tens digit of l(r)?
2
Let p = 40 - 5. What is the units digit of p?
5
Let n(m) = 38*m + 67. What is the tens digit of n(18)?
5
Suppose -y - 4 - 30 = 0. Let t = -36 + 98. Let i = y + t. What is the t